5. Let n(s) = -2*j(s) + 3*y(s). Calculate n(-2).
0
Let x(k) = k**3 - 3*k**2 - 3*k. Let b be x(4). Let n = 65 - 63. Let p(i) = i - b - n + 4. Give p(5).
3
Let v(n) = 3*n - 6*n + 2*n + 5 - 4. Suppose -8*h - 20 = 4. Determine v(h).
4
Let j(b) = -5*b**2 + 4*b**2 - b - 4*b**2. Let c(q) = q**2 - 7*q + 8. Let y be c(6). Suppose 1 = 3*l - w, -5*l + y + 9 = 3*w. What is j(l)?
-6
Let s(t) be the second derivative of t**5/20 - 7*t**4/12 + 4*t**3/3 + t**2/2 + 9*t. Calculate s(6).
13
Let w(g) = -5*g**3 - g. Let s = 4 - 5. Give w(s).
6
Let h(r) = 3*r**2 + r. Let g be h(-1). Let w(f) = -5*f**g + 2*f - 5*f - 1 + 3*f. Calculate w(-1).
-6
Let v(u) = -u**2 - 7*u. Suppose -4*f - 8 - 20 = 0. Determine v(f).
0
Let d(p) = -11 + p + 5*p**2 - 15*p**2 + 11. Determine d(1).
-9
Let s be (-12 - -3)*2/6. Let h(q) = 2*q**2 + 4*q - 1. Let a be h(s). Let v(p) = -p - 2. Calculate v(a).
-7
Let j(x) = 8*x**2 - 1. Let k be j(1). Let h(c) = c**3 - 7*c**2 - 2. Give h(k).
-2
Let w(x) = -5*x**2 + 6*x + 1. Let o(c) = -c**2 + c - 1. Let b(f) = -4*o(f) + w(f). Determine b(4).
-3
Let l(n) = n**2 + n + 2. Suppose -m - 4 = 2*v, 0*m - 3*v = 2*m + 6. Suppose m*k - k - 3 = 0. Give l(k).
8
Let g(a) = -a**3 + 5*a**2 - 2*a - 3. Suppose 4*v + 15 = 9*v. Give g(v).
9
Suppose 0 = 3*m + 3*l - 3 - 9, 4*m + 3*l - 15 = 0. Suppose m*j - 1 = -7. Let p(f) be the third derivative of f**4/6 - f**3/6 + 2*f**2. Calculate p(j).
-9
Let g(f) be the second derivative of -f**4/12 - f**3 - f**2 + 9*f. Suppose -2*u - 30 = 3*u + a, 3*u - 2*a + 5 = 0. Give g(u).
3
Let j(c) be the third derivative of 0 + 6*c**2 + 1/120*c**6 - 1/60*c**5 + 0*c**3 - 1/24*c**4 + 0*c. Give j(0).
0
Suppose -8 = 5*p + 7. Let d(w) be the first derivative of w**2 + w + 22. Give d(p).
-5
Let k(p) = -p**2 - p + 9. Let x be k(-4). Let r(i) = -i - 4. Calculate r(x).
-1
Let y(t) = -7*t - 1. Let h(p) = -p**2 + 6*p - 3. Let g be h(2). Let q = 4 - g. Let i be q + 0 - (-1 + -1). Determine y(i).
-8
Let k(w) = -w**2 - 8*w - 11. Let h be k(-3). Let t(g) = 0*g + 2 + 2 - g. Determine t(h).
0
Let i(x) = x**2 - 4*x + 3. Let h = -51 - -56. Give i(h).
8
Let w(x) = x + 5. Let z be w(0). Suppose z*p + 25 = -j, 2*p - 3*p - 5 = -2*j. Let c(u) = -7*u + 19 - 21 + 6*u. Calculate c(p).
3
Suppose -j = 2, q - 5*j - 4 = -0. Let f(t) = t + 6. Give f(q).
0
Let a = 5 - -3. Let x = 8 - a. Let b = x + 2. Let h(w) = -w**2 + 1. Give h(b).
-3
Let v(c) = -22 - c**2 + 46 - 19 + 7*c. What is v(8)?
-3
Suppose -4*f = -8*f + 16, 5*f - 24 = l. Let t = -8 - -14. Let g = l + t. Let q(z) = z - 2. Calculate q(g).
0
Let l be (3 - -1)*(-1 + 0). Let d(w) = -5*w**3 + 5*w**2 + 3*w - 6. Let r(f) = -6*f**3 + 5*f**2 + 3*f - 7. Let p(v) = 7*d(v) - 6*r(v). Determine p(l).
4
Let c(q) be the first derivative of -q**3/3 - q**2/2 - 29. Calculate c(-1).
0
Let p(v) = -7 - 3 - 6 + 4*v - 6. Let r be p(6). Let f(w) = 4*w - 4. Let y(b) = 5*b - 5. Let i(c) = 6*f(c) - 5*y(c). Give i(r).
-1
Let v(c) = -2*c**2 + 4*c + 4. Let t(m) = m**2 - m + 1. Let h(l) = 2*t(l) - v(l). Let a(j) = j**2 - 1. Let q(x) = 3*a(x) - h(x). Calculate q(4).
7
Let u(i) = 3*i + 4. Let o(d) = d - 3. Let l be o(0). Let n = l - -5. Let y = -6 + n. Give u(y).
-8
Let z(m) = -3*m + 1. Let p = -15 - -16. Determine z(p).
-2
Let d(t) be the first derivative of -1 + 0*t + 1/20*t**5 - t**2 + 0*t**4 + 0*t**3. Let w(l) be the second derivative of d(l). Determine w(1).
3
Let f(o) = -4*o**2 - 2*o - 19. Let g(b) = b + 4*b**2 - 2*b - 3*b**2 + 2*b + 6. Let x(r) = -2*f(r) - 7*g(r). Calculate x(3).
-4
Let d(k) = -6*k**3 - k**2 - k - 4. Let t(m) = -m**3 - m - 1. Let c(w) = -d(w) + 5*t(w). Suppose 6*i = 2*i - 12. Calculate c(i).
-7
Let a(d) = d - 1. Let l = 14 - 9. Suppose -3*j + l = 20. Calculate a(j).
-6
Let b(f) = -2*f + 1. Let z be b(-1). Suppose 6 - z = -w. Let g(n) be the third derivative of -n**4/24 + n**3/3 + 2*n**2. Determine g(w).
5
Suppose -4*j - 3 = -27. Let m(x) = -2*x**2 + 9*x - j*x - x**3 + 1 + 2. Let g = 6 - 9. What is m(g)?
3
Let s(t) be the first derivative of t**3/3 + 9*t**2/2 + 9*t - 1. Give s(-7).
-5
Let n be 12/9*(-6)/(-2). Suppose -2*j + 6 = -n*j. Let t(o) be the third derivative of -o**6/120 - o**5/60 + o**4/12 - 2*o**3/3 + 2*o**2. Calculate t(j).
8
Let f(t) = -t - 21. Let b be f(-18). Let h(r) = -2*r**3 - 5*r**2 - 2*r + 2. Calculate h(b).
17
Suppose 0 = -2*a + 4*a - 4. Let o(p) = 6*p**3 - 4 + p**a - 2*p + 3*p - 1 + 6. Determine o(-1).
-5
Let q(b) = b**3 - 6*b**2 - 4. Let z be 1/1*12/1. Let p be ((-7)/(-2) + -3)*z. Determine q(p).
-4
Let v(n) be the second derivative of -13*n**4/12 - 7*n**3/6 - 25*n**2/2 - 7*n. Let a(u) = -3*u**2 - 2*u - 6. Let x(d) = -9*a(d) + 2*v(d). Determine x(-3).
1
Let v(s) = -s + 3. Let y(l) = -l + 5. Let f be y(7). Let u = f + 9. Let n be v(u). Let r(p) = 2*p + 2. Calculate r(n).
-6
Let r(z) = -z**2 + 3*z + 4. Let p = -93 + 66. Let w be -2*(2 + p/6). Calculate r(w).
-6
Let u(c) = -c**2 - 6*c - 4. Let t(a) = a - 6. Let v be t(0). Give u(v).
-4
Let b(c) = 6 + 6 - 2*c + 4 - 14. Calculate b(-6).
14
Let k(t) = t**2 - t + 1. Suppose 6*b - 3*b - 3 = 0. Give k(b).
1
Let g(v) be the first derivative of v**2/2 - 2. What is g(4)?
4
Let v(k) = -k**2 + 8*k - 9. Let u be v(6). Let d(m) be the third derivative of 5/6*m**u + 0*m + 0 + 2*m**2 - 1/60*m**5 - 1/8*m**4. What is d(-5)?
-5
Let q(k) = -k**3 - 4*k**2 - 5*k - 4. Let f be q(-3). Let i(a) = -4*a**2 - 5*a. Let p(h) = -h**2 - h. Let m(v) = f*i(v) - 11*p(v). Calculate m(1).
4
Let w(k) = -k**3 + 6*k**2 - 5*k + 3. Suppose 0 = 3*c + 12, 2*x - 5*c - 35 = -x. Let a be w(x). Let u(g) = -g**3 + 3*g**2 - 4*g + 4. Give u(a).
-8
Let p(g) = -5*g**3 + 2*g**2 + 2*g + 1. Let m be p(-1). Suppose c + 27 = 5*x, 2*x - 10 = -c - 2. Let f = c + m. Let k(q) = -q**2 + 6*q - 5. Calculate k(f).
3
Let m(g) = g**2 + 5*g - 6. Suppose 5*n + 5*a - 60 = 0, 4*n = -4*a + 2*a + 54. Suppose -3*u = n + 3. Determine m(u).
0
Let a(b) be the second derivative of -b**4/8 - b**3 - 3*b**2 + 8*b. Let d(o) be the first derivative of a(o). What is d(-4)?
6
Let z(c) be the third derivative of -c**7/2520 + c**6/180 - c**5/30 + 5*c**4/24 + 7*c**2. Let l(p) be the second derivative of z(p). Determine l(5).
-9
Let c(u) = u. Let v(m) = -m. Let h(f) = 3*c(f) + v(f). Suppose 2*j - 5*k = -21, -j = 2*j + k - 11. Let w = -1 + j. What is h(w)?
2
Let q(g) = 22*g + 1. Let v be q(-1). Let u = 15 + v. Let b(j) = -j**3 - 5*j**2 + 7*j - 4. What is b(u)?
-10
Let a(w) be the first derivative of w**3/3 + 3*w**2/2 - 3*w - 2. Determine a(-3).
-3
Let d = -9 - -9. Let n(z) be the second derivative of z**4/12 + z**3/6 - 5*z**2 + z. What is n(d)?
-10
Let j(y) = -y**2 + y + 2. Suppose 2*u - 3*h + 38 + 1 = 0, 2*h = -5*u - 50. Let a = u + 12. Determine j(a).
2
Let s be -2 + 3*(-2)/3. Let d be ((-6)/5)/(s/10). Let q(g) = 1 + 4*g + d*g - 6*g. What is q(-1)?
0
Suppose 0 = 5*i - 3*h + 21, -4*i + 2*h = -3*i. Let w be -12*(i/3)/4. Let o(p) = p**3 - 6*p**2 - p + 6. Determine o(w).
0
Let f(y) = -y - 3. Let j(s) = 4*s. Let h(w) = -w - 7. Let b be h(-6). Let i be j(b). What is f(i)?
1
Suppose 3*a - 3 = -r - 2*r, -r + 1 = 2*a. Let i(p) = -8*p - 10*p**3 - 5*p**2 + r + 5 + 11*p**3. What is i(6)?
-6
Let p(b) = 5*b**2 + 8*b + 7. Let s(r) = -4*r**2 - 7*r - 6. Let d(y) = -5*p(y) - 6*s(y). Suppose 3*i + 5*i = -8. Calculate d(i).
-2
Let k be -8*((-1)/4 + 1). Let g(p) be the first derivative of -p**3/3 - 5*p**2/2 + 4*p - 2. Let d be g(k). Let w(m) = -2*m**2 - 3*m - 3. Determine w(d).
-5
Let m(l) = -l**2 + l + 1. Let y(s) = -2*s - 7. Let n(k) = 2*m(k) + y(k). Let g(f) = f**2 - f. Let u(x) = 3*g(x) + n(x). Calculate u(5).
5
Let r(y) = y. Let m(b) = -6*b + 2. Let p(u) = -m(u) - 5*r(u). Calculate p(4).
2
Let i(w) = w - 5. Suppose -2*j + 5*j = 0. Calculate i(j).
-5
Let p(b) = 9*b**3 - 3*b**2 + 9*b - 1. Let c(k) = -2*k**2 - k + 2*k**3 + 4*k**3 + 5*k - 2*k**3. Let j(v) = -5*c(v) + 2*p(v). Give j(2).
-6
Let h(a) = a**2 - 3*a - 2. Let r = -3 - -3. Suppose -y + 2*y - 7 = r. Suppose 0 = 2*j - 1 - y. What is h(j)?
2
Let r(g) = -g - 1. Let t be r(-4). Let l(c) = -4 + t + 5*c**2 + 3 - 1 - 2*c. Let i(s) = -s + 5. Let o be i(4). Give l(o).
4
Let n(w) = -w - 4. Let v be 0/(10/(-2) + 2). Let u be n(v). Let q(f) = -f**2 + 3 + 0 - 4*f - 3 - 5. Determine q(u).
-5
Let q(p) be the first derivative of -p**3/3 - p**2/2 - 7*p - 5. Suppose -3*k + j = 5*j, 0 = 5*k - 4*j. Determine q(k).
-7
Let 